{"id":17,"date":"2016-03-31T15:50:58","date_gmt":"2016-03-31T13:50:58","guid":{"rendered":"http:\/\/gustavssonsgossar.se\/?page_id=17"},"modified":"2017-07-05T21:15:33","modified_gmt":"2017-07-05T19:15:33","slug":"ulf-sandberg","status":"publish","type":"page","link":"https:\/\/gustavssonsgossar.se\/index.php\/ulf-sandberg\/","title":{"rendered":"Ulf Sandberg"},"content":{"rendered":"<p><strong><img loading=\"lazy\" decoding=\"async\" class=\"alignright wp-image-51 size-full\" src=\"http:\/\/www.gustavssonsgossar.se\/wp-content\/uploads\/2016\/03\/ulf.jpg\" alt=\"ulf\" width=\"450\" height=\"800\" srcset=\"https:\/\/gustavssonsgossar.se\/wp-content\/uploads\/2016\/03\/ulf.jpg 450w, https:\/\/gustavssonsgossar.se\/wp-content\/uploads\/2016\/03\/ulf-169x300.jpg 169w\" sizes=\"auto, (max-width: 450px) 100vw, 450px\" \/>St\u00e4mma?<br \/>\n<\/strong>Tenor II<\/p>\n<p><strong>Dricker helst?<br \/>\n<\/strong>Ett gott amaronevin eller mineralvatten<\/p>\n<p><strong>Vilka instrument spelar du?<br \/>\n<\/strong>Piano \/ Keyboard<\/p>\n<p><strong>B\u00e4sta mansk\u00f6rss\u00e5ngen?<\/strong><br \/>\nMajs\u00e5ng<\/p>\n<p><strong>Sjunger helst?<br \/>\n<\/strong>Johann Sebastian Bach<\/p>\n<p><strong>Vart har du tidigare sjungit?<br \/>\n<\/strong>Trefaldighetsk\u00f6ren Christianstad fr\u00e5n 2014<br \/>\nSchola Christiania<\/p>\n<p><strong>Otto Lindblad eller Wilhelm Stenhammar?<br \/>\n<\/strong>Wilhelm Stenhammar<strong><br \/>\n<\/strong><\/p>\n<p><strong>Vad \u00e4r roligast i att sjunga Tenor?<br \/>\n<\/strong>Det finns m\u00e5nga klassiska stycken f\u00f6r Tenor<\/p>\n<p><strong>Favoritl\u00e5t av Comedian Harmonists?<br \/>\n<\/strong><em><a href=\"https:\/\/www.youtube.com\/watch?v=e7kn7bUD2e4\" target=\"_blank\">Das ist die Liebe der Matrosen<\/a><\/em><\/p>\n<p><strong>Povel Ramel eller Robert Broberg?<br \/>\n<\/strong>Povel Ramel<\/p>\n<p><strong>B\u00f6r Bj\u00f6rn Ranelid f\u00e5 Piratenpriset?<br \/>\n<\/strong>Pass<\/p>\n<p><strong>Favoritverk?<br \/>\n<\/strong><em><a href=\"https:\/\/www.youtube.com\/watch?v=eOdXcr2N244\" target=\"_blank\">Johannespassionen av J.S. Bach<\/a><\/em><a href=\"http:\/\/gustavssonsgossar.se\/wp-content\/uploads\/2016\/03\/uffe21.jpg\"><img loading=\"lazy\" decoding=\"async\" class=\"alignright size-full wp-image-245\" src=\"http:\/\/gustavssonsgossar.se\/wp-content\/uploads\/2016\/03\/uffe21.jpg\" alt=\"uffe2\" width=\"450\" height=\"736\" srcset=\"https:\/\/gustavssonsgossar.se\/wp-content\/uploads\/2016\/03\/uffe21.jpg 450w, https:\/\/gustavssonsgossar.se\/wp-content\/uploads\/2016\/03\/uffe21-183x300.jpg 183w, https:\/\/gustavssonsgossar.se\/wp-content\/uploads\/2016\/03\/uffe21-360x589.jpg 360w, https:\/\/gustavssonsgossar.se\/wp-content\/uploads\/2016\/03\/uffe21-250x409.jpg 250w, https:\/\/gustavssonsgossar.se\/wp-content\/uploads\/2016\/03\/uffe21-100x164.jpg 100w\" sizes=\"auto, (max-width: 450px) 100vw, 450px\" \/><\/a><\/p>\n","protected":false},"excerpt":{"rendered":"<p>St\u00e4mma? Tenor II Dricker helst? Ett gott amaronevin eller mineralvatten Vilka instrument spelar du? Piano \/ Keyboard B\u00e4sta mansk\u00f6rss\u00e5ngen? Majs\u00e5ng<\/p>\n<p><a href=\"https:\/\/gustavssonsgossar.se\/index.php\/ulf-sandberg\/\" class=\"more-link\">Forts\u00e4tt l\u00e4sa<span class=\"screen-reader-text\">Ulf Sandberg<\/span><\/a><\/p>\n","protected":false},"author":1,"featured_media":0,"parent":0,"menu_order":0,"comment_status":"closed","ping_status":"closed","template":"page-templates\/page_fullwidth.php","meta":{"footnotes":""},"class_list":["post-17","page","type-page","status-publish","hentry"],"_links":{"self":[{"href":"https:\/\/gustavssonsgossar.se\/index.php\/wp-json\/wp\/v2\/pages\/17","targetHints":{"allow":["GET"]}}],"collection":[{"href":"https:\/\/gustavssonsgossar.se\/index.php\/wp-json\/wp\/v2\/pages"}],"about":[{"href":"https:\/\/gustavssonsgossar.se\/index.php\/wp-json\/wp\/v2\/types\/page"}],"author":[{"embeddable":true,"href":"https:\/\/gustavssonsgossar.se\/index.php\/wp-json\/wp\/v2\/users\/1"}],"replies":[{"embeddable":true,"href":"https:\/\/gustavssonsgossar.se\/index.php\/wp-json\/wp\/v2\/comments?post=17"}],"version-history":[{"count":18,"href":"https:\/\/gustavssonsgossar.se\/index.php\/wp-json\/wp\/v2\/pages\/17\/revisions"}],"predecessor-version":[{"id":307,"href":"https:\/\/gustavssonsgossar.se\/index.php\/wp-json\/wp\/v2\/pages\/17\/revisions\/307"}],"wp:attachment":[{"href":"https:\/\/gustavssonsgossar.se\/index.php\/wp-json\/wp\/v2\/media?parent=17"}],"curies":[{"name":"wp","href":"https:\/\/api.w.org\/{rel}","templated":true}]}}