{"id":25,"date":"2016-03-31T15:52:06","date_gmt":"2016-03-31T13:52:06","guid":{"rendered":"http:\/\/gustavssonsgossar.se\/?page_id=25"},"modified":"2017-06-15T17:24:38","modified_gmt":"2017-06-15T15:24:38","slug":"per-berglund","status":"publish","type":"page","link":"https:\/\/gustavssonsgossar.se\/index.php\/per-berglund\/","title":{"rendered":"Per Berglund"},"content":{"rendered":"<p><img loading=\"lazy\" decoding=\"async\" class=\"alignright wp-image-49 size-full\" src=\"http:\/\/www.gustavssonsgossar.se\/wp-content\/uploads\/2016\/03\/per.jpg\" alt=\"per\" width=\"450\" height=\"800\" srcset=\"https:\/\/gustavssonsgossar.se\/wp-content\/uploads\/2016\/03\/per.jpg 450w, https:\/\/gustavssonsgossar.se\/wp-content\/uploads\/2016\/03\/per-169x300.jpg 169w\" sizes=\"auto, (max-width: 450px) 100vw, 450px\" \/><\/p>\n<p><strong>St\u00e4mma?<br \/>\n<\/strong>Bas I<\/p>\n<p><strong>Dricker helst?<br \/>\n<\/strong>Goda viner.<\/p>\n<p><strong>Vilka instrument spelar du?<br \/>\n<\/strong>Inget instrument<\/p>\n<p><strong>B\u00e4sta mansk\u00f6rss\u00e5ngen?<br \/>\n<\/strong><em><a href=\"https:\/\/www.youtube.com\/watch?v=vGg3AcUdspU\" target=\"_blank\">&#8221;St\u00e5 stark du ljusets riddarvakt&#8221;\u00a0<\/a><\/em><\/p>\n<p><strong>Sjunger helst?<br \/>\n<\/strong>J.S. Bach<\/p>\n<p><strong>Vart har du tidigare sjungit?<br \/>\n<\/strong>Trefaldighetsk\u00f6ren Christianstad fr\u00e5n 1978. Lunds students\u00e5ngf\u00f6rening 1971-77. Chorus cantamus \u00c5hus 1999-2012, H\u00e4ssleholms kyrkas vokalensemble 2013-fortf, mfl.<\/p>\n<p><strong>Otto Lindblad eller Wilhelm Stenhammar?<br \/>\n<\/strong>Otto Lindblad<\/p>\n<p><strong>Vad \u00e4r roligast i att sjunga Bas?<br \/>\n<\/strong><em>&#8211; Finns det andra st\u00e4mmor \u00e4n Bas?<\/em><\/p>\n<p><strong>Favoritl\u00e5t av Comedian Harmonists?<br \/>\n<\/strong>Pass<strong><br \/>\n<\/strong><br \/>\n<strong>Povel Ramel\u00a0eller Robert Broberg?<br \/>\n<\/strong>Povel Ramel\u00a0<strong><br \/>\n<\/strong><\/p>\n<p><strong>B\u00f6r Bj\u00f6rn Ranelid f\u00e5 Piratenpriset?<br \/>\n<\/strong>Nej<br \/>\n<a href=\"http:\/\/www.gustavssonsgossar.se\/wp-content\/uploads\/2016\/03\/Berglund.jpg\"><img loading=\"lazy\" decoding=\"async\" class=\"alignright size-full wp-image-236\" src=\"http:\/\/www.gustavssonsgossar.se\/wp-content\/uploads\/2016\/03\/Berglund.jpg\" alt=\"Berglund\" width=\"450\" height=\"736\" srcset=\"https:\/\/gustavssonsgossar.se\/wp-content\/uploads\/2016\/03\/Berglund.jpg 450w, https:\/\/gustavssonsgossar.se\/wp-content\/uploads\/2016\/03\/Berglund-183x300.jpg 183w, https:\/\/gustavssonsgossar.se\/wp-content\/uploads\/2016\/03\/Berglund-360x589.jpg 360w, https:\/\/gustavssonsgossar.se\/wp-content\/uploads\/2016\/03\/Berglund-250x409.jpg 250w, https:\/\/gustavssonsgossar.se\/wp-content\/uploads\/2016\/03\/Berglund-100x164.jpg 100w\" sizes=\"auto, (max-width: 450px) 100vw, 450px\" \/><\/a><\/p>\n","protected":false},"excerpt":{"rendered":"<p>St\u00e4mma? Bas I Dricker helst? Goda viner. Vilka instrument spelar du? Inget instrument B\u00e4sta mansk\u00f6rss\u00e5ngen? &#8221;St\u00e5 stark du ljusets riddarvakt&#8221;\u00a0<\/p>\n<p><a href=\"https:\/\/gustavssonsgossar.se\/index.php\/per-berglund\/\" class=\"more-link\">Forts\u00e4tt l\u00e4sa<span class=\"screen-reader-text\">Per Berglund<\/span><\/a><\/p>\n","protected":false},"author":1,"featured_media":0,"parent":0,"menu_order":0,"comment_status":"closed","ping_status":"closed","template":"page-templates\/page_fullwidth.php","meta":{"footnotes":""},"class_list":["post-25","page","type-page","status-publish","hentry"],"_links":{"self":[{"href":"https:\/\/gustavssonsgossar.se\/index.php\/wp-json\/wp\/v2\/pages\/25","targetHints":{"allow":["GET"]}}],"collection":[{"href":"https:\/\/gustavssonsgossar.se\/index.php\/wp-json\/wp\/v2\/pages"}],"about":[{"href":"https:\/\/gustavssonsgossar.se\/index.php\/wp-json\/wp\/v2\/types\/page"}],"author":[{"embeddable":true,"href":"https:\/\/gustavssonsgossar.se\/index.php\/wp-json\/wp\/v2\/users\/1"}],"replies":[{"embeddable":true,"href":"https:\/\/gustavssonsgossar.se\/index.php\/wp-json\/wp\/v2\/comments?post=25"}],"version-history":[{"count":11,"href":"https:\/\/gustavssonsgossar.se\/index.php\/wp-json\/wp\/v2\/pages\/25\/revisions"}],"predecessor-version":[{"id":300,"href":"https:\/\/gustavssonsgossar.se\/index.php\/wp-json\/wp\/v2\/pages\/25\/revisions\/300"}],"wp:attachment":[{"href":"https:\/\/gustavssonsgossar.se\/index.php\/wp-json\/wp\/v2\/media?parent=25"}],"curies":[{"name":"wp","href":"https:\/\/api.w.org\/{rel}","templated":true}]}}