{"id":88,"date":"2016-04-05T09:44:52","date_gmt":"2016-04-05T07:44:52","guid":{"rendered":"http:\/\/gustavssonsgossar.se\/?page_id=88"},"modified":"2017-06-15T17:21:54","modified_gmt":"2017-06-15T15:21:54","slug":"lyssna","status":"publish","type":"page","link":"https:\/\/gustavssonsgossar.se\/","title":{"rendered":"Lyssna"},"content":{"rendered":"<h3><img loading=\"lazy\" decoding=\"async\" class=\"alignleft wp-image-277 size-thumbnail\" src=\"http:\/\/www.gustavssonsgossar.se\/wp-content\/uploads\/2016\/04\/Composer_Otto_Lindblad_from_Svenska_Familj-Journalen_1880-150x150.png\" alt=\"Composer_Otto_Lindblad_from_Svenska_Familj-Journalen_1880\" width=\"150\" height=\"150\" \/><\/h3>\n<h3>\u00a0<em>Musik av Otto Lindblad<\/em><\/h3>\n<p><em><a href=\"https:\/\/www.youtube.com\/watch?v=roXTsZuFeek\" target=\"_blank\">&#8221;\u00c5ngb\u00e5tss\u00e5ng&#8221;<\/a> <\/em>Live fr\u00e5n Kulturnatten med inslag ur<em>\u00a0&#8221;Steamboat Willie&#8221;<br \/>\n<a href=\"https:\/\/www.youtube.com\/watch?v=mh-j2lzdZ6c\" target=\"_blank\">&#8221;L\u00e4ngtan till Landet&#8221; <\/a>&#8211; <\/em>Kristianstad Kommuns Valborgsfirande 2017<\/p>\n<p>&nbsp;<\/p>\n<p>&nbsp;<\/p>\n<p><img loading=\"lazy\" decoding=\"async\" class=\"alignleft wp-image-282 size-thumbnail\" src=\"http:\/\/www.gustavssonsgossar.se\/wp-content\/uploads\/2016\/04\/Fredmans_epistlar-titel-150x150.jpg\" alt=\"Fredmans_epistlar-titel\" width=\"150\" height=\"150\" \/><\/p>\n<h3><em>Musik av\u00a0Carl Michael Bellman<\/em><\/h3>\n<p><em><a href=\"https:\/\/www.youtube.com\/watch?v=lF04Ey8kY2Q\" target=\"_blank\">&#8221;Vila vid denna k\u00e4lla&#8221;<\/a> <\/em>Live fr\u00e5n Kulturnatten 2017<em><br \/>\n<a href=\"https:\/\/www.youtube.com\/watch?v=7rTj0Ng0vF8\" target=\"_blank\">&#8221;Bort allt vad oro g\u00f6r&#8221;<\/a><\/em> &#8211; Live fr\u00e5n Kulturnatten 2017<\/p>\n<p>&nbsp;<\/p>\n<p>&nbsp;<\/p>\n<h3><img loading=\"lazy\" decoding=\"async\" class=\"wp-image-285 size-thumbnail alignleft\" src=\"http:\/\/www.gustavssonsgossar.se\/wp-content\/uploads\/2016\/04\/Prince_Gustaf_duke_of_Uppland-150x150.png\" alt=\"Prince_Gustaf_duke_of_Uppland\" width=\"150\" height=\"150\" \/><\/h3>\n<h3><em>Musik av\u00a0Prins Gustaf<\/em><\/h3>\n<p><em>&#8221;V\u00e5rs\u00e5ng&#8221; <\/em>Live fr\u00e5n Kulturnatten 2017<\/p>\n<p>&nbsp;<\/p>\n<p>&nbsp;<\/p>\n<p>&nbsp;<\/p>\n<p><a href=\"http:\/\/www.gustavssonsgossar.se\/wp-content\/uploads\/2017\/05\/cropped-GG3-co3py.jpg\"><img loading=\"lazy\" decoding=\"async\" class=\"alignleft size-thumbnail wp-image-217\" src=\"http:\/\/www.gustavssonsgossar.se\/wp-content\/uploads\/2017\/05\/cropped-GG3-co3py-150x150.jpg\" alt=\"cropped-GG3-co3py.jpg\" width=\"150\" height=\"150\" \/><\/a><\/p>\n<h3><i>\u00d6vriga inspelningar<\/i><\/h3>\n<p><em><a href=\"https:\/\/www.youtube.com\/watch?v=wFL9j38NQg8\" target=\"_blank\">&#8221;Uti v\u00e5r Hage&#8221; <\/a><\/em>Live fr\u00e5n Greifswald\u00a02017<br \/>\n<em><a href=\"https:\/\/www.youtube.com\/watch?v=jH-sK58s6Xc\" target=\"_blank\">&#8221;R\u00f6vars\u00e5ngen&#8221;<\/a> <\/em>Live fr\u00e5n Kulturnatten 2017 \u00a0&#8211; Musik Bj\u00f6rn Isf\u00e4lt<br \/>\n<a href=\"https:\/\/www.youtube.com\/watch?v=JqBO42gI5W8\" target=\"_blank\"><em>&#8221;De Gamle&#8221;<\/em> <\/a>Live fr\u00e5n Greifswald 2017<\/p>\n","protected":false},"excerpt":{"rendered":"<p>\u00a0Musik av Otto Lindblad &#8221;\u00c5ngb\u00e5tss\u00e5ng&#8221; Live fr\u00e5n Kulturnatten med inslag ur\u00a0&#8221;Steamboat Willie&#8221; &#8221;L\u00e4ngtan till Landet&#8221; &#8211; Kristianstad Kommuns Valborgsfirande 2017<\/p>\n<p><a href=\"https:\/\/gustavssonsgossar.se\/\" class=\"more-link\">Forts\u00e4tt l\u00e4sa<span class=\"screen-reader-text\">Lyssna<\/span><\/a><\/p>\n","protected":false},"author":1,"featured_media":0,"parent":0,"menu_order":0,"comment_status":"closed","ping_status":"closed","template":"page-templates\/page_fullwidth.php","meta":{"footnotes":""},"class_list":["post-88","page","type-page","status-publish","hentry"],"_links":{"self":[{"href":"https:\/\/gustavssonsgossar.se\/index.php\/wp-json\/wp\/v2\/pages\/88","targetHints":{"allow":["GET"]}}],"collection":[{"href":"https:\/\/gustavssonsgossar.se\/index.php\/wp-json\/wp\/v2\/pages"}],"about":[{"href":"https:\/\/gustavssonsgossar.se\/index.php\/wp-json\/wp\/v2\/types\/page"}],"author":[{"embeddable":true,"href":"https:\/\/gustavssonsgossar.se\/index.php\/wp-json\/wp\/v2\/users\/1"}],"replies":[{"embeddable":true,"href":"https:\/\/gustavssonsgossar.se\/index.php\/wp-json\/wp\/v2\/comments?post=88"}],"version-history":[{"count":19,"href":"https:\/\/gustavssonsgossar.se\/index.php\/wp-json\/wp\/v2\/pages\/88\/revisions"}],"predecessor-version":[{"id":296,"href":"https:\/\/gustavssonsgossar.se\/index.php\/wp-json\/wp\/v2\/pages\/88\/revisions\/296"}],"wp:attachment":[{"href":"https:\/\/gustavssonsgossar.se\/index.php\/wp-json\/wp\/v2\/media?parent=88"}],"curies":[{"name":"wp","href":"https:\/\/api.w.org\/{rel}","templated":true}]}}